is the remainder when 6022 is divided by 118?
4
Calculate the remainder when 450882 is divided by 22544.
2
Calculate the remainder when 133542 is divided by 2967.
27
Calculate the remainder when 16129 is divided by 234.
217
What is the remainder when 1117 is divided by 256?
93
What is the remainder when 4298 is divided by 108?
86
Calculate the remainder when 2472 is divided by 433.
307
Calculate the remainder when 57632 is divided by 98.
8
What is the remainder when 121277 is divided by 56?
37
Calculate the remainder when 9649 is divided by 302.
287
What is the remainder when 93158 is divided by 68?
66
What is the remainder when 24710 is divided by 21?
14
What is the remainder when 95218 is divided by 19042?
8
Calculate the remainder when 44651 is divided by 14856.
83
Calculate the remainder when 2442309 is divided by 81.
78
Calculate the remainder when 87079 is divided by 268.
247
What is the remainder when 107969 is divided by 15?
14
Calculate the remainder when 27574 is divided by 373.
345
What is the remainder when 22299 is divided by 3183?
18
Calculate the remainder when 9398 is divided by 16.
6
What is the remainder when 10682 is divided by 3151?
1229
Calculate the remainder when 2114 is divided by 534.
512
What is the remainder when 119766 is divided by 7044?
18
Calculate the remainder when 42330 is divided by 25.
5
What is the remainder when 76320 is divided by 557?
11
What is the remainder when 4410 is divided by 3790?
620
What is the remainder when 80577 is divided by 510?
507
What is the remainder when 10422 is divided by 3468?
18
Calculate the remainder when 153919 is divided by 15386.
59
Calculate the remainder when 5243 is divided by 1041.
38
Calculate the remainder when 13729 is divided by 13553.
176
Calculate the remainder when 80117 is divided by 21.
2
Calculate the remainder when 119875 is divided by 24.
19
Calculate the remainder when 2113 is divided by 451.
309
Calculate the remainder when 2754 is divided by 402.
342
What is the remainder when 4237 is divided by 271?
172
What is the remainder when 12931 is divided by 122?
121
What is the remainder when 3911 is divided by 177?
17
What is the remainder when 2292 is divided by 55?
37
What is the remainder when 3835 is divided by 607?
193
Calculate the remainder when 7724 is divided by 956.
76
What is the remainder when 4548 is divided by 97?
86
What is the remainder when 42794 is divided by 9?
8
What is the remainder when 57134 is divided by 15?
14
What is the remainder when 569 is divided by 222?
125
Calculate the remainder when 22326 is divided by 520.
486
What is the remainder when 312723 is divided by 13030?
3
What is the remainder when 32178 is divided by 29?
17
What is the remainder when 850448 is divided by 58?
52
Calculate the remainder when 3056 is divided by 227.
105
What is the remainder when 1916579 is divided by 60?
59
Calculate the remainder when 53991 is divided by 529.
33
Calculate the remainder when 18132 is divided by 1009.
979
What is the remainder when 147428 is divided by 73708?
12
Calculate the remainder when 91382 is divided by 192.
182
Calculate the remainder when 66192 is divided by 22064.
0
What is the remainder when 13291 is divided by 119?
82
Calculate the remainder when 4008 is divided by 136.
64
Calculate the remainder when 255 is divided by 56.
31
What is the remainder when 790 is divided by 256?
22
Calculate the remainder when 88928 is divided by 1154.
70
What is the remainder when 1654 is divided by 100?
54
Calculate the remainder when 23366 is divided by 123.
119
Calculate the remainder when 5644 is divided by 314.
306
Calculate the remainder when 6733 is divided by 2241.
10
What is the remainder when 32149 is divided by 3?
1
Calculate the remainder when 110819 is divided by 577.
35
Calculate the remainder when 27896 is divided by 9105.
581
Calculate the remainder when 52263 is divided by 101.
46
Calculate the remainder when 1963 is divided by 276.
31
What is the remainder when 185259 is divided by 33?
30
Calculate the remainder when 2435 is divided by 161.
20
What is the remainder when 56521 is divided by 51?
13
Calculate the remainder when 10572 is divided by 5271.
30
Calculate the remainder when 651 is divided by 132.
123
Calculate the remainder when 1644 is divided by 233.
13
Calculate the remainder when 1394 is divided by 472.
450
Calculate the remainder when 15908 is divided by 783.
248
What is the remainder when 29726 is divided by 16?
14
What is the remainder when 128386 is divided by 32090?
26
What is the remainder when 182418 is divided by 400?
18
What is the remainder when 7031 is divided by 3513?
5
Calculate the remainder when 119154 is divided by 119152.
2
What is the remainder when 60748 is divided by 2223?
727
What is the remainder when 650327 is divided by 1885?
2
Calculate the remainder when 13048 is divided by 183.
55
What is the remainder when 568 is divided by 31?
10
What is the remainder when 1722 is divided by 114?
12
What is the remainder when 4537 is divided by 649?
643
Calculate the remainder when 6046 is divided by 3018.
10
Calculate the remainder when 67327 is divided by 76.
67
Calculate the remainder when 2896 is divided by 965.
1
What is the remainder when 189791 is divided by 76?
19
Calculate the remainder when 103202 is divided by 34393.
23
What is the remainder when 981 is divided by 70?
1
Calculate the remainder when 24018 is divided by 750.
18
What is the remainder when 3085740 is divided by 61?
55
What is the remainder when 60903 is divided by 74?
1
Calculate the remainder when 24256 is divided by 169.
89
What is the remainder when 9173 is divided by 171?
110
What is the remainder when 291043 is divided by 414?
1
Calculate the remainder when 3286 is divided by 270.
46
Calculate the remainder when 34757 is divided by 87.
44
Calculate the remainder when 3452 is divided by 953.
593
Calculate the remainder when 654 is divided by 56.
38
What is the remainder when 14711 is divided by 343?
305
What is the remainder when 28063 is divided by 9350?
13
What is the remainder when 20865 is divided by 45?
30
Calculate the remainder when 163183 is divided by 81573.
37
What is the remainder when 382823 is divided by 18?
17
Calculate the remainder when 54783 is divided by 5.
3
Calculate the remainder when 1064 is divided by 532.
0
Calculate the remainder when 33820 is divided by 2112.
28
Calculate the remainder when 10020 is divided by 3336.
12
Calculate the remainder when 65479 is divided by 73.
71
Calculate the remainder when 97634 is divided by 1162.
26
What is the remainder when 1643 is divided by 817?
9
Calculate the remainder when 45311 is divided by 1745.
1686
What is the remainder when 9385 is divided by 586?
9
Calculate the remainder when 10451 is divided by 1305.
11
What is the remainder when 8038 is divided by 402?
400
Calculate the remainder when 1179 is divided by 587.
5
What is the remainder when 128692 is divided by 6773?
5
What is the remainder when 5508 is divided by 73?
33
What is the remainder when 2581 is divided by 634?
45
What is the remainder when 24447 is divided by 49?
45
Calculate the remainder when 75609 is divided by 24.
9
Calculate the remainder when 9000 is divided by 4.
0
What is the remainder when 14294 is divided by 842?
822
What is the remainder when 674 is divided by 222?
8
What is the remainder when 1986 is divided by 545?
351
Calculate the remainder when 107631 is divided by 35868.
27
Calculate the remainder when 30687 is divided by 10185.
132
What is the remainder when 2485 is divided by 622?
619
Calculate the remainder when 343 is divided by 303.
40
What is the remainder when 25296 is divided by 174?
66
Calculate the remainder when 663 is divided by 236.
191
What is the remainder when 1330 is divided by 276?
226
Calculate the remainder when 259682 is divided by 54.
50
What is the remainder when 4261 is divided by 1063?
9
Calculate the remainder when 3393 is divided by 2631.
762
What is the remainder when 53951 is divided by 227?
152
What is the remainder when 788 is divided by 134?
118
What is the remainder when 7859 is divided by 7796?
63
What is the remainder when 1159 is divided by 115?
9
Calculate the remainder when 28006 is divided by 12.
10
Calculate the remainder when 10489 i